3, 4*i - 12 = 2*k - c*k. What is z(i)?
-8
Let g(y) = -y**3 + y. Let m = 2 - 2. Suppose m = 2*i + 2. What is g(i)?
0
Let a(p) = p**2 - 2*p - 1. Let s be (1 - -1)*(-3)/(-2)*1. Calculate a(s).
2
Let c(v) be the second derivative of v**4/4 - v**2/2 + 3*v. Let b(p) = 2*p - 13 + p**2 - 5*p - 7*p. Let g be b(11). What is c(g)?
11
Suppose 0 = -3*s + 4*y - 6, -3*s + 2*y - 8 = s. Let v(q) = 0*q + 4*q**2 - 1 - 2*q - 5*q**2. What is v(s)?
-1
Let y(u) = 4*u - 3. Let c be ((-15)/(-20))/(2/8). Suppose 4*w - 3*w - c = 0. Determine y(w).
9
Suppose 15 = -4*k + 4*h - h, -h = -5*k - 27. Let t(p) = -2*p**2 - 21*p - 9. Let y(z) = 3*z**2 + 31*z + 14. Let f(r) = 7*t(r) + 5*y(r). Determine f(k).
-5
Let m(t) = -4 + 9 - 33*t**2 + 32*t**2 - 7*t. Calculate m(-5).
15
Let t = 5 + -5. Suppose c - 5*s = -7, -s + t*s = c - 5. Let y(n) = -4 + 5 + 2*n - 2. What is y(c)?
5
Let t(o) = 9*o**3 - 3*o**2 + 5. Let l(a) = 4*a**3 - 2*a**2 + 3. Let h(s) = -7*l(s) + 3*t(s). Calculate h(5).
-6
Let g(s) be the first derivative of 1/2*s**2 - 5*s - 1. Suppose 0 = -y + 5*n - 6*n - 2, -3*y = -5*n - 10. What is g(y)?
-5
Let p be (1 - (3 + -1)) + 4. Let v be p + (-3 + 3)*-1. Suppose v*n = 5*n + 12. Let z(j) = j**3 + 5*j**2 - 8*j - 8. Determine z(n).
4
Let q = -4 + 0. Let o(p) = -p**3 - 3*p**2 + 3*p - 3. Let r be o(q). Let m be 1/(r + 15/(-12)). Let b(x) = x**2 + 3*x - 2. Give b(m).
2
Let d(i) be the second derivative of -5*i**3/6 + 3*i**2/2 - 42*i. What is d(-4)?
23
Let l(n) = -n - 8. Suppose -2*m - 20 + 4 = 0. Determine l(m).
0
Let w be (-2 - 1) + (-4 - -30). Suppose 0 = -4*a + j + w, 5*j = 5 - 0. Let h(q) = q**3 - 6*q**2 - 7. Give h(a).
-7
Let k(v) = -2 + 3 - 3*v + 9*v. Suppose -6*q + 318 - 336 = 0. Give k(q).
-17
Let b(g) be the second derivative of g**4/12 + g**3 - 3*g**2 - 17*g. What is b(-6)?
-6
Let y(p) = -p - 1. Let n(d) = -3*d - 2. Let f(g) = -2*n(g) + 7*y(g). Let m(c) = c + 3. Let z be m(-7). Determine f(z).
1
Let b(t) = -2*t**2 - 4*t + 4. Let a(z) = 4*z - 2 + 2*z - 4*z + z**2. Let p(j) = -11*a(j) - 6*b(j). Determine p(-4).
6
Let l(f) = f**2 + 4*f - 3. Let s(q) = -q**2 - 9*q + 1. Let r be s(-9). Let j be r/(-3 + 14/5). Calculate l(j).
2
Let w(b) = 3 - 1 - 6*b + 9*b. Calculate w(3).
11
Let l(o) = o**3 + 6*o**2 + 6. Let n(y) = y**2 - 11*y - 6. Let f be n(11). What is l(f)?
6
Let g(j) be the second derivative of j**4/12 - 7*j**2 + 22*j. What is g(0)?
-14
Let x be (-1 + 0/(-3))*-2. Let j(i) = -24*i + 2 - x*i**3 + 40*i - 13*i - i**2. Suppose 4 + 2 = -3*h. Give j(h).
8
Let w(l) = l - 2 - 7*l**2 - 3 + 6. Let c(z) = -z**3 - 10*z**2 - 17*z - 9. Let q be c(-8). What is w(q)?
-7
Let l(c) = c**3 + 1. Let p be l(-1). Let a(q) = 0*q + 5 - q + 2*q. Give a(p).
5
Let j(u) = -u - 4. Let f(k) = -3*k - 9. Suppose -2*b - 3*x = 10, 7*b - 4*b + x + 8 = 0. Let z(m) = b*f(m) + 5*j(m). Let l be 1/((1 + 0)/5). What is z(l)?
3
Let d(o) = 7*o**3 - 1. Suppose -13*v - 3 = -16*v. What is d(v)?
6
Let o = 105 + -95. Let k(a) = -a + 13. Determine k(o).
3
Let k(b) = 8*b**3 - 2*b**3 + 2*b**2 + 0*b**2 - b. Let a(x) = -5*x**3 + x**2 - x + 1. Let j(q) = q**3. Let m(h) = a(h) + 4*j(h). Let s be m(0). Calculate k(s).
7
Let i = -97 - -95. Let q(p) = 16*p**2 + 16*p - 16. Let b(m) = 5*m**2 + 5*m - 5. Let g(f) = -10*b(f) + 3*q(f). What is g(i)?
-2
Let v be 6/(-2) - -18 - -1. Let h be ((-48)/32)/(6/v). Let t(f) = -f**3 - 5*f**2 - 5*f + 4. What is t(h)?
8
Let k(g) = -1 - g**3 + g**2 - 2 - 2*g**2. Let y(n) = n**3 + 6*n**2 + n + 1. Let q be y(-6). Let t = q + 5. What is k(t)?
-3
Suppose b + y + 3 = 0, -5*y - 16 = -3*b - 1. Let u(p) = p**2 - 10. What is u(b)?
-10
Let i(v) = -v**3 + 2*v**2 - 2*v - 1. Suppose 15 = 2*z + 3*z. Let c(y) = y + 6 - 3*y - z*y + y**2. Let h be c(4). Give i(h).
-5
Suppose -3 + 8 = 5*h. Let y(w) = -w + 1. Determine y(h).
0
Suppose f = 3*f - 2. Suppose 0 = -2*h - 4*d - 8, 0 = -h + d - 5 + f. Let a(j) = -j**2 - 4*j + 1. Give a(h).
1
Let m = -9 + 7. Let f(k) = k**2 - 3*k - 1. Calculate f(m).
9
Let w be -2*1/(1 + -2). Suppose 0 = v + 1 - w. Let b be 1*(0/(-1))/v. Let f(s) = -s**2 - 5. Give f(b).
-5
Let a(o) = -o. Let x(v) = v**2 - 12*v - 8. Let z(c) = 4*a(c) - x(c). Give z(8).
8
Let l(h) = -h**3 - 6*h**2 + 2*h + 3. Let o be 2/7 + 1 + 102/(-14). Calculate l(o).
-9
Let d(t) = -2*t - 6. Suppose -h - h + 5 = 5*g, g = 5*h + 28. Calculate d(h).
4
Let y = 20 - 24. Let m(j) = j**3 - 2*j**2 + 4*j + 9. Let g(b) = -3*b**3 + 7*b**2 - 12*b - 26. Let s(r) = y*g(r) - 11*m(r). Give s(5).
0
Let a(t) = 5*t**2 + 1. Let f(r) = -r**2 - 10*r - 13. Let s be f(-9). Let g = 9 + s. Let m(p) = -p + 6. Let y be m(g). Give a(y).
6
Let t be 1/(3/(-21)) - 0. Let o = t + 11. Let j(k) = -k + o - 2 + 6 - 3. Determine j(5).
0
Suppose -1 = 3*n - 5*i, 19 = -5*n + 6*i - 2*i. Let l(d) = d**3 + 7*d**2 + 1. What is l(n)?
1
Let x be 0/(5/((-5)/2)). Let j(i) = 0*i**2 + 5 - 3*i + i**2 + 2*i + 1. Determine j(x).
6
Let w be 1 - 0/2 - 0. Suppose -2*m + m = -w. Let x(r) be the second derivative of 2*r**5/5 - r**3/3 + r**2/2 + 3*r. What is x(m)?
7
Let h(q) be the first derivative of -q**4/4 + 2*q**3/3 + q**2 - 4*q + 7. Determine h(3).
-7
Suppose -19 - 9 = 4*l. Let b(n) = -13*n**3 - 37*n**2 - 17*n - 24. Let g(y) = 3*y**3 + 9*y**2 + 4*y + 6. Let r(a) = 2*b(a) + 9*g(a). Calculate r(l).
-8
Let g(i) = -13 - i**3 + 6 + 2*i**3 - 5*i + 4*i**2. Let v = 11 - 16. Calculate g(v).
-7
Let f(p) = p - 1. Let t be f(-3). Let j(a) = a**3 + 4*a**2 - 4. Determine j(t).
-4
Let f(j) = -j**2 - 4*j + 3. Let i be 76/(-13) - 24/156. Determine f(i).
-9
Let h(y) be the third derivative of -y**7/840 + y**6/60 + y**5/20 + y**4/6 - 2*y**3/3 + 2*y**2. Let i(a) be the first derivative of h(a). Give i(7).
-3
Let r(v) = -v + 1. Let n(d) = -d**3 + 7*d**2 - d + 4. Let k(h) = h**2 - 2*h - 1. Let y be k(4). Let m be n(y). Calculate r(m).
4
Let z = 29 + -28. Let a(g) = 2*g**2 - z + 2*g + 0*g - 3*g**2. Suppose -3 = -4*c - 3*p + 7, 0 = 4*c + p - 14. Give a(c).
-9
Let s(g) = -6*g + 4*g - 1 + g**3 - 2*g + 2*g. Determine s(-3).
-22
Let r be (1 + 0)/((-2)/(-6)). Let w(b) = -2 + b**r - 2*b - 8 + 4 + 5*b**2. Let h be 14/(-2) + (3 - 1). Calculate w(h).
4
Suppose -2 = 2*j - 4. Let v(k) = 3*k + j + 3*k - k - 10*k. Calculate v(1).
-4
Let z(j) = 3*j**3 - j**2 - 3*j + 2. Suppose -a - 5*h = -6*a - 15, 5*a + 4*h = 30. What is z(a)?
16
Let d(i) = 0*i - 1 + 3 - 2*i. Let p be -1 + (0 - 1 - 3). Let g be 1*(-5)/(p/(-2)). Determine d(g).
6
Let m(u) be the first derivative of 1/24*u**4 - 1/120*u**6 + 1/30*u**5 + 1/6*u**3 + 0*u + u**2 - 1. Let b(h) be the second derivative of m(h). Give b(3).
-5
Let z(j) = 2 - j**3 - 2*j**2 - 2*j + 3*j**2 - j. Let h(c) = -c + 8. Let i be h(6). Give z(i).
-8
Let v(l) = -l**3 - 4*l**2 - 3*l + 3. Let d(q) = -8 + 2*q + 3*q - 2*q - 2*q. Let g be d(10). Suppose -2*m - n - g*n = 3, 5*m + 4*n = -11. Calculate v(m).
3
Suppose 27 = 4*a - a. Let l = a - 4. Let v(p) = 0*p + l - 2*p + 5*p**2 + 3*p + p**3 - 6*p. Calculate v(-6).
-1
Let n(i) = -i**3 - 18*i**2 + 19*i - 1. Let q be n(-19). Let t(p) = 1. Let z(u) = 5*u - 4. Let d(m) = -5*t(m) - z(m). Calculate d(q).
4
Let h(p) = -p**2 - p - 7. Let z be h(0). Let u(n) = -n**2 - 9*n - 8. What is u(z)?
6
Let r(i) = 11*i**2 + 11*i + 21. Let y(w) = -7*w**2 - 7*w - 14. Let k(g) = -5*r(g) - 8*y(g). Let u be 0/(-1 + 5 + -2). What is k(u)?
7
Let c(h) be the third derivative of -h**4/12 - h**3/6 - 3*h**2. Give c(3).
-7
Let y(c) = 3*c**3 + c**2 + c + 1. Suppose -2*n + 6 = -6. Suppose -b + 2*b = -2*a - 3, -3*a - 3*b = n. Determine y(a).
-2
Suppose -2 = -r + 3. Let u(h) = -h. Let c(o) = 2. Let b(g) = c(g) + u(g). Determine b(r).
-3
Let y(f) = -f**3 + 6*f**2 + 6. Let t be y(6). Suppose 3*k - 3*v = 12, 2*v - 1 = k - t. Let c(u) = u**2 - 4*u + 4. Determine c(k).
1
Let d(v) = v**3 - 2*v**2 - v. Let y = 33 - 31. Give d(y).
-2
Let g(n) = -n**3 - n**2 + 1. Let o be g(1). Let s(c) = 2*c. Determine s(o).
-2
Let z(a) = a**3 - 5*a**2 + 2*a. Suppose -4*q - o = -3, 2*o + 5 = -5. What is z(q)?
-8
Suppose -7 - 2 = -3*k. Let q(d) = -1 + 2*d**2 - 6*d + 4*d**2 + 5 - d**k. Give q(5).
-1
Let f(w) be the second derivative of 3*w + 0 + 1/6*w**3 + 1/2*w**2. Suppose 5*s - s = 5*n, 0 = -n - 3*s + 19. Give f(n).
5
Let a(r) = r**2 - 4*r - 1 - r + 2*r + r**3. Suppose -2*n = -3*v + 4 - 0, -4*v - 2*n = 18. Calculate a(v).
1
Let p(l) = 2*l. Let b(m) = -m**2 - m + 1. Let s be b(1). Determine p(s).
-2
Le